= -6 - -6. Let w(p) = 2 - 1 + n - p. Give w(3).
-2
Let z(m) be the second derivative of m**6/360 - m**5/20 + m**4/24 - 5*m**3/3 + 2*m. Let p(q) be the second derivative of z(q). Give p(5).
-4
Let r(b) be the third derivative of b**5/30 + b**4/8 + b**3/2 - 25*b**2. Let n(t) = t**3 - 2*t**2 + 1. Let s be n(-1). Give r(s).
5
Suppose -4*p + 0 = 8. Let c be (1/p)/(2/16). Let x(j) = 3*j + 1. Let o(u) = -2*u. Let h(t) = -5*o(t) - 3*x(t). Calculate h(c).
-7
Let t(g) = 3*g + 1. Let j be 5/25 - (-21)/(-5). Let n(d) = 2*d + 1. Let q(w) = j*n(w) + 3*t(w). Calculate q(5).
4
Suppose 0 = -5*k - 5, 8*k - 3*k + 4 = -n. Suppose 4*b + 3 = -n. Let d(l) = -6*l**2 + 1. What is d(b)?
-5
Let q(t) be the second derivative of 1/24*t**4 + t**2 + 1/40*t**6 + 0 - 4*t + 1/60*t**5 + 0*t**3. Let m(f) be the first derivative of q(f). Determine m(-1).
-3
Let d(u) = u**2 + u - 1. Suppose 4 + 0 = -4*c. Let t be c - (-5 - (0 - 3)). Determine d(t).
1
Let t be (0 + 1)*-3 - 9. Let q(o) = -o - 24. Let i be q(t). Let r be i*((-6)/(-8))/(-3). Let b(a) = 3*a - 3. Determine b(r).
6
Let k be 3*(-2 + 42/9). Suppose 5*f - k = 3*f. Let z(t) = -t. Calculate z(f).
-4
Let d(g) = -g + 4. Let i = -38 - -33. What is d(i)?
9
Let m(p) be the third derivative of -p**5/60 - 7*p**4/24 + 2*p**3/3 + 25*p**2. Determine m(-7).
4
Let i = 0 + 2. Let l(q) = 3*q - i*q + 2*q - 4*q. Calculate l(4).
-4
Let x(t) = -t**2 - 8*t - 5. Suppose o + 0 + 7 = 0. Let j be x(o). Let m be (j*-1)/(6/(-9)). Let r(d) = -d**2 - d + 1. Determine r(m).
-11
Let h(u) = 2*u**2 - u**2 - 2*u - 2*u + 1. Let i = 4 - 1. Calculate h(i).
-2
Let o(x) = -2*x**3 - 7*x**2 - 3*x - 1. Let l(i) = -i**3 - i**2 + i + 1. Let g(n) = 3*l(n) - o(n). Determine g(5).
9
Let u be 0 - 1 - (-1 + -3). Let m(b) = -u*b + 3*b + 0*b - b**2. Let v = 2 + -1. What is m(v)?
-1
Let k(r) = -r**3 - r**2 + r - 4. Suppose -5*d + 24 = t - 0, -4*d = -4*t. Suppose -4*q + t = -8. Let z = 3 - q. Determine k(z).
-4
Let l(t) be the third derivative of 0*t**5 - 1/120*t**6 + 3*t**2 + 0*t - 1/8*t**4 - 1/2*t**3 + 0. Calculate l(-2).
11
Let d(m) = m**2 + 1. Suppose -24 = 4*x - 0*s - 4*s, 18 = -x + 5*s. Calculate d(x).
10
Suppose a = 3*a + 12. Let z(j) = -2*j**2 - 17*j + 10. Let p(b) = b**2 + 8*b - 5. Let h(f) = a*z(f) - 13*p(f). Determine h(-5).
-10
Let c(h) = -2*h - 4. Let g be c(-4). Let t(x) = x**2 + 7 - 2*x**2 + 4. Let i(q) = q**2 - 5. Let d(a) = g*t(a) + 9*i(a). What is d(-1)?
4
Let i(k) = -k**2 + 2*k - 2. Let u(h) = -h**3 + 12*h**2 - 11*h + 2. Let j be u(11). What is i(j)?
-2
Let h(o) = -o**3 - o**2 + 6*o + 5. Let x(p) = -p**2 - p. Let q(u) = -h(u) - 2*x(u). Suppose s = -3 + 6. Suppose 4 = -s*l - 8. Give q(l).
-5
Let c(j) = 2*j + 2. Let v = -9 + 19. Suppose -2*p = t - 5, -t + 2*t = p - v. Determine c(p).
12
Let w(j) be the third derivative of -j**4/24 - j**3/6 + j**2. Let r be 9/(-15) - 99/(-15). Determine w(r).
-7
Let s(i) = -i + 4. Let a be s(10). Let l(x) be the first derivative of x**3/3 + 2*x**2 - 6*x - 9. Determine l(a).
6
Let c(q) = -q**3 - 3*q**2 - 4. Let j(d) = -10*d - 5. Let t(r) = -4*r + 6*r + 19*r + 11. Let y(m) = 13*j(m) + 6*t(m). Let v be y(1). Give c(v).
-4
Let w = 13 + -6. Let r(s) = -2 + 6*s**3 - s + 2*s - 9*s - w*s**2. Let j(g) = -5*g**3 + 6*g**2 + 7*g + 2. Let a(q) = -7*j(q) - 6*r(q). Determine a(-2).
8
Let g(l) = l + 2. Suppose -3*f - 6 = o, 5*o - 13 = 2. Let h(b) = 2*b**2 - b - 4. Let m(u) = u**3 + u**2 + 1. Let w(p) = h(p) + m(p). Let a be w(f). Give g(a).
2
Let p(m) = 3*m**2 - 8. Let i(c) = c**2 - 3*c - 6. Let k(b) = -b - 1. Let o(f) = -i(f) + 3*k(f). Let l(s) = -11*o(s) - 4*p(s). What is l(2)?
-5
Let l(u) be the third derivative of u**6/120 + u**4/24 + 5*u**3/6 + 6*u**2. Give l(0).
5
Let v(w) = 4*w**2 + 2*w**2 + 4*w**2 - 5*w - 15. Let x(z) = 7*z**2 - 3*z - 10. Let j(l) = -5*v(l) + 7*x(l). Let i(t) = 5*t**2 + t. Let c be i(-1). What is j(c)?
5
Let n(k) = 8*k**3 - 2*k**2 - 3*k + 3. Let u(v) = -7*v**3 + v**2 + 2*v - 3. Let r = 6 - -1. Let x(g) = r*u(g) + 6*n(g). Give x(-4).
-3
Let y(w) = -7*w**2 - w**3 + 0*w**3 + 3 + 0*w**3 + w + 0*w**3. Calculate y(-7).
-4
Let u(y) be the third derivative of y**4/8 + y**3/2 + 12*y**2. Determine u(-3).
-6
Let y(o) = 5*o - 2. Let a(i) = -9*i + 3. Suppose -x = -v, 0*v = v - 3*x - 8. Let p(u) = v*a(u) - 7*y(u). Determine p(-2).
0
Let f(x) = -x + 3. Suppose 5*m + h = -0*m - 25, 4*m + 20 = 3*h. Let s(o) = o**3 + 4*o**2 - o + 7. Let n be s(m). Let t = -9 - n. Give f(t).
-1
Let t(b) = 3*b + 3*b - b + b**3 - 2 + 5*b**2. Let r be 43/(-4) - (-1)/(-4). Let h = r + 7. What is t(h)?
-6
Let m be 7/(-21)*-1*3*-1. Let o(q) = 15*q**3 + 2*q**2 + q. What is o(m)?
-14
Let d = 14 - 21. Let w(y) = 4 + 0*y + y**2 + 7*y + 1. Let g be w(d). Let h(u) = -u**3 + 4*u**2 + 6*u - 1. What is h(g)?
4
Let u(i) = -i**3 + 2*i**2 + 2*i - 3. Let d = -10 - -12. Determine u(d).
1
Let y = -5 + 7. Suppose y*v - 3 = -5*c + 6*c, 0 = 3*v - 9. Let k(s) be the first derivative of s**4/4 - 2*s**3/3 - 2*s**2 + 2*s - 1. Give k(c).
-1
Let d(k) be the third derivative of -k**4/12 - 4*k**3/3 - 45*k**2. Give d(-7).
6
Let z be (-3)/6*(-24)/6. Let y(r) = 4*r**z - r**3 - 7*r + 10*r + 5 - 4*r. Determine y(4).
1
Let y(g) be the second derivative of g**5/20 + g**4/12 - g**2/2 + 12*g. Give y(0).
-1
Suppose -g = -2*g - 3*s + 17, -5*g - 3*s + 25 = 0. Let y(n) = -n**2 - 2*n**3 + 3*n**3 + 3 - 3*n**g. Calculate y(4).
3
Let h(a) be the third derivative of -a**9/60480 + a**8/10080 + a**7/840 - a**6/360 - a**5/10 + a**2. Let z(f) be the third derivative of h(f). Calculate z(4).
-10
Let u(z) = z**2 - 6*z + 8. Suppose x - 5 = 1. What is u(x)?
8
Suppose -5*k - 24 = -9. Let j(q) = -q - 1. Let i(d) = 3*d + 1. Let l(w) = -i(w) - 2*j(w). Calculate l(k).
4
Let j = -35 + 51. Let x be 6/(-8) + 92/j. Let w = 4 - x. Let n(i) = -7*i**2 + i. Give n(w).
-8
Let p(s) = -s**2 + 7*s + 2. Let r be p(8). Let h(u) = -3 - 4 - u + 2 + 7. What is h(r)?
8
Let p(q) = 2*q + 1. Let h be p(1). Let b = h - -10. Suppose -2 = -n - 2*f, f + b = -3*n - n. Let y(g) = g**2 + 3*g + 2. Give y(n).
6
Let y(a) = -a**3 + a**2 - 2. Suppose -4*j = -4 - 4. Determine y(j).
-6
Let s(g) = g - 36. Let c be s(30). Let q(o) = 7*o - 2*o**2 + 3*o**2 + 1 + 7. Determine q(c).
2
Let t(w) = w**3 - 4*w**2 + 5*w - 4. Let z be t(3). Let k(q) = 1 - 1 + 0*q**2 - q**z. What is k(-3)?
-9
Let v(o) be the second derivative of -o**4/24 + o**3/2 + 3*o**2/2 - o. Let a(p) be the first derivative of v(p). Give a(0).
3
Suppose 0 = p + t + 3, 3*t + 14 + 7 = 3*p. Let f(i) = 3*i - 3. Let r be f(2). Let s(l) = -r*l**2 - l + p*l**2 + 5*l. Determine s(5).
-5
Let o(j) = j**3 - 4*j**2 - 5*j - 5. Suppose -14 = -3*u - 2. Let g = 9 - u. What is o(g)?
-5
Suppose -4*o + 4 = 4*s, 5*s - 5*o - 22 = s. Let w(u) = 4*u + u**2 - 4*u**2 - 2*u**2 - 2 + 3*u**3 - 2*u**3. Give w(s).
-8
Let g(j) be the third derivative of -j**5/60 - j**4/12 + j**3 + 9*j**2. Determine g(4).
-18
Let s = -66 - -69. Let c(n) = -n**3 + n**2 + 4*n. Calculate c(s).
-6
Let c = -24 - -12. Let b = 11 + c. Let p(d) = -9*d**3 - 2*d**2 - 2*d - 1. What is p(b)?
8
Let i(b) be the first derivative of -3*b**2/2 - b + 1. Let z(l) = -l - 1. Let f(d) = i(d) + 2*z(d). Let w = -8 - -6. What is f(w)?
7
Suppose -5*p + 31 - 6 = 0. Let h(k) = -3*k - 2*k + 3*k - p + 3. Let v(m) = m**2 + 5*m. Let s be v(-4). What is h(s)?
6
Suppose l + 2 = 5. Let o(i) = 5 + i - l - 4. Give o(5).
3
Let l(z) be the third derivative of 0 + 5/6*z**3 - 4*z**2 + 1/24*z**4 + 0*z. Calculate l(-7).
-2
Let l(g) = -4*g - 7. Let b(d) = 5*d + 19. Let f be b(-5). Give l(f).
17
Let c(a) = -a. Let p(r) = 1. Let j(t) = -c(t) + p(t). Calculate j(3).
4
Let g(m) = m**2 + 4*m - 1. Suppose 3 - 19 = -4*v. Let w(l) = l**3 - 4*l**2 - l. Let p be w(v). Determine g(p).
-1
Let n = 7 + 2. Let c(a) = -a**3 + 10*a**2 - 9*a + 2. Give c(n).
2
Suppose d + 2*t = 6, -5*d + 30 = 6*t - 3*t. Let w(x) be the first derivative of x**3/3 - 3*x**2 - 4*x + 2. Calculate w(d).
-4
Let g(y) = -3 - y + 6 + 2*y. Calculate g(-4).
-1
Let r(o) = -o**3 - o**2 - 10*o + 7. Let m(s) = -3*s**3 - 2*s**2 - 29*s + 20. Let d(c) = -6*m(c) + 17*r(c). Calculate d(4).
-1
Let m(b) = b - 3. Let l be m(5). Let g be (-2 + 2)/(l - 4). Let k(p) = p**3 + 8. What is k(g)?
8
Let k(f) = f**3 - 6*f**2. Suppose q - 22 = -2*b + 6*q, -5*b = -4*q - 38. Let x be k(b). Let s = x - -3. Let u(j) = -j**3 + 3*j**2. Give u(s).
0
Let 